f 60?
False
Does 12 divide 341628?
True
Is 293 a factor of 246706?
True
Does 32 divide 399968?
True
Is 3490912 a multiple of 59?
True
Is 143 a factor of 2182466?
True
Is 19620 a multiple of 30?
True
Does 13 divide 1605?
False
Does 722 divide 1077018?
False
Does 755 divide 543297?
False
Does 1635 divide 3281445?
True
Is 136965 a multiple of 69?
True
Is 61 a factor of 1490317?
False
Is 1069300 a multiple of 185?
True
Is 7023080 a multiple of 352?
False
Does 21 divide 207249?
True
Is 969110 a multiple of 10?
True
Does 15 divide 31988?
False
Does 25 divide 6654141?
False
Is 8 a factor of 1168776?
True
Does 584 divide 170680?
False
Does 32 divide 277253?
False
Is 388 a factor of 485453?
False
Is 567989 a multiple of 40?
False
Is 135 a factor of 2669490?
True
Is 50 a factor of 851114?
False
Does 68 divide 121741?
False
Is 22413060 a multiple of 12?
True
Is 26 a factor of 125814?
True
Is 50 a factor of 4712450?
True
Does 28 divide 400540?
True
Does 157 divide 178252?
False
Is 9 a factor of 6957?
True
Does 15 divide 514138?
False
Is 2 a factor of 1164?
True
Is 273007 a multiple of 7?
True
Is 133 a factor of 274068?
False
Is 7 a factor of 17639?
False
Is 264870 a multiple of 109?
True
Is 6 a factor of 25610?
False
Is 7 a factor of 34139?
True
Is 12 a factor of 132936?
True
Does 15 divide 1366065?
True
Does 15 divide 1290210?
True
Is 19 a factor of 792946?
True
Does 38 divide 279738?
False
Is 88 a factor of 303688?
True
Is 18 a factor of 118201?
False
Is 40950 a multiple of 350?
True
Is 15 a factor of 443025?
True
Is 2 a factor of 274426?
True
Is 13 a factor of 12738496?
False
Does 4 divide 13051?
False
Is 54 a factor of 9494928?
True
Is 40 a factor of 7234910?
False
Is 146 a factor of 192543?
False
Is 2508160 a multiple of 64?
True
Is 249 a factor of 11219371?
False
Is 1345224 a multiple of 3?
True
Does 632 divide 691408?
True
Is 213 a factor of 453225?
False
Is 172290 a multiple of 23?
False
Does 20 divide 8107?
False
Is 328608 a multiple of 126?
True
Is 12 a factor of 46360?
False
Does 257 divide 12303804?
False
Does 16 divide 219744?
True
Is 12526839 a multiple of 462?
False
Is 158 a factor of 136341?
False
Is 183878 a multiple of 18?
False
Is 215 a factor of 379651?
False
Does 3 divide 123244?
False
Is 95280 a multiple of 48?
True
Does 27 divide 954558?
True
Does 68 divide 1336350?
False
Is 211 a factor of 171802?
False
Is 167 a factor of 4461071?
True
Is 208 a factor of 9969281?
False
Is 411 a factor of 3917437?
False
Is 22133 a multiple of 7?
False
Is 13 a factor of 485082?
True
Is 4626457 a multiple of 11?
True
Does 11 divide 18084?
True
Is 1411 a factor of 316064?
True
Is 124098 a multiple of 38?
False
Is 152992 a multiple of 224?
True
Is 12018920 a multiple of 38?
False
Is 167076 a multiple of 252?
True
Is 14 a factor of 4436390?
True
Is 3731 a multiple of 17?
False
Is 197132 a multiple of 52?
True
Does 6 divide 2227783?
False
Does 25 divide 197725?
True
Is 130064 a multiple of 31?
False
Is 21 a factor of 209862?
False
Does 94 divide 7016036?
False
Is 1113040 a multiple of 16?
True
Is 591822 a multiple of 365?
False
Is 365438 a multiple of 328?
False
Does 28 divide 50876?
True
Is 262 a factor of 1602495?
False
Is 4392560 a multiple of 205?
False
Does 680 divide 7706646?
False
Is 3674830 a multiple of 158?
False
Is 164 a factor of 1211304?
True
Is 26 a factor of 754163?
False
Is 140 a factor of 33040?
True
Is 322700 a multiple of 28?
True
Does 73 divide 96944?
True
Is 1909104 a multiple of 372?
True
Is 9267398 a multiple of 502?
False
Is 36 a factor of 227166?
False
Does 14 divide 1387672?
False
Is 3816097 a multiple of 91?
False
Is 12 a factor of 14541396?
True
Is 29 a factor of 670770?
True
Is 137034 a multiple of 331?
True
Is 19 a factor of 2988509?
False
Does 69 divide 143116?
False
Is 16 a factor of 46326?
False
Does 693 divide 778104?
False
Does 75 divide 7275?
True
Is 143 a factor of 3037726?
False
Is 1738 a factor of 6191431?
False
Is 808941 a multiple of 7?
True
Is 10 a factor of 64843?
False
Does 9 divide 801567?
True
Does 956 divide 5752252?
True
Is 23213204 a multiple of 37?
False
Is 111874 a multiple of 262?
True
Is 65 a factor of 247130?
True
Is 3850 a multiple of 55?
True
Does 77 divide 13589511?
False
Is 21492 a multiple of 54?
True
Does 7 divide 1092008?
False
Does 52 divide 490567?
False
Is 5 a factor of 384953?
False
Is 27 a factor of 5880114?
True
Does 46 divide 997372?
True
Is 32 a factor of 268704?
True
Does 15 divide 1109?
False
Is 12 a factor of 895715?
False
Does 453 divide 329784?
True
Does 11 divide 86370?
False
Does 102 divide 489?
False
Is 579908 a multiple of 28?
True
Is 139219 a multiple of 21?
False
Is 15457987 a multiple of 428?
False
Does 1065 divide 814725?
True
Does 4 divide 335664?
True
Is 15756302 a multiple of 9?
False
Does 46 divide 10627?
False
Does 579 divide 104799?
True
Is 760541 a multiple of 453?
False
Is 28777 a multiple of 6?
False
Is 5 a factor of 885?
True
Is 497376 a multiple of 99?
True
Is 1619733 a multiple of 17?
False
Does 224 divide 64610?
False
Is 41 a factor of 137515?
False
Is 90724 a multiple of 613?
True
Does 13 divide 2701673?
True
Is 4749896 a multiple of 776?
True
Is 78 a factor of 2164865?
False
Is 56 a factor of 76301?
False
Is 289 a factor of 7870247?
False
Does 17 divide 573502?
False
Is 15 a factor of 995937?
False
Does 391 divide 138758?
False
Is 3 a factor of 14092?
False
Does 29 divide 58174?
True
Is 123 a factor of 844641?
True
Is 48 a factor of 288816?
True
Is 4 a factor of 366296?
True
Is 769478 a multiple of 21?
False
Is 1798446 a multiple of 64?
False
Is 3007 a factor of 25203806?
False
Is 13 a factor of 219619?
False
Is 2174000 a multiple of 16?
True
Is 87824 a multiple of 176?
True
Is 6 a factor of 29741?
False
Does 37 divide 2503864?
True
Is 55 a factor of 49885?
True
Is 44 a factor of 5418072?
True
Is 231627 a multiple of 33?
True
Does 575 divide 1396675?
True
Is 308 a factor of 126139?
False
Is 11 a factor of 7110950?
True
Does 18 divide 1206954?
True
Is 6912 a multiple of 432?
True
Does 15 divide 980745?
True
Does 226 divide 360696?
True
Is 176 a factor of 768240?
True
Is 88356 a multiple of 77?
False
Does 11 divide 398873?
False
Is 54913 a multiple of 11?
False
Is 17 a factor of 1845010?
True
Is 5 a factor of 21400?
True
Is 249663 a multiple of 56?
False
Is 3832115 a multiple of 240?
False
Is 189 a factor of 2139858?
True
Is 640867 a multiple of 34?
False
Is 2994065 a multiple of 317?
True
Is 5924108 a multiple of 11?
False
Is 1272896 a multiple of 12?
False
Does 322 divide 3892263?
False
Is 18880415 a multiple of 61?
True
Is 4004 a multiple of 14?
True
Does 139 divide 9555933?
False
Is 9491 a multiple of 16?
False
Is 61284 a multiple of 12?
True
Is 7573384 a multiple of 56?
True
Is 1366 a factor of 10342941?
False
Does 119 divide 4743684?
False
Does 82 divide 508172?
False
Does 480 divide 1354560?
True
Is 43692 a multiple of 6?
True
Is 1505 a factor of 3156608?
False
Does 236 divide 15869641?
False
Is 2618 a factor of 1091706?
True
Does 44 divide 253390?
False
Does 14 divide 8334242?
True
Does 645 divide 106321?
False
Does 10 divide 478930?
True
Is 64 a factor of 3002336?
False
Is 758 a factor of 8919066?
False
Is 5 a factor of 53695?
True
Is 235737 a multiple of 3?
True
Is 200143 a multiple of 11?
False
Is 323 a factor of 52297?
False
Is 66 a factor of 22374?
True
Is 83597 a multiple of 101?
False
Is 1113489 a multiple of 39?
True
Is 21318 a multiple of 22?
True
Is 44654 a multiple of 96?
False
Is 7 a factor of 728723?
False
Is 270172 a multiple of 110?
False
Is 6 a factor of 74985?
False
Is 469 a factor of 379890?
True
Is 298432 a multiple of 64?
True
Is 384 a factor of 1031424?
True
Does 300 divide 1229100?
True
Is 89696 a multiple of 12?
False
Is 208390 a multiple of 455?
True
Is 1187 a factor of 650476?
True
Is 48 a factor of 40090?
False
Is 10632 a multiple of 9?
False
Does 10 divide 91606?
False
Does 32 divide 274784?
True
Is 414279 a multiple of 9?
True
Does 11 divide 18454546?
True
Is 11 a factor of 29568?
True
Does 102 divide 1307538?
True
Is 121 a factor of 304210?
False
Is 24920 a multiple of 62?
False
Is 1298393 a multiple of 673?
False
Is 59840 a multiple of 28?
False
Is 608504 a multiple of 94?
False
Is 113344 a multiple of 8?
True
Is 23668 